at is the tens digit of b?
2
Suppose 619*g - 325*g = 17094924. What is the hundreds digit of g?
1
Suppose -12511 = -o - 5*z, -2*o - 138*z + 24967 = -139*z. What is the units digit of o?
6
Let t(o) = -3*o**3 - 150*o**2 - 66*o + 369. What is the hundreds digit of t(-57)?
3
What is the thousands digit of 15/20*-20*-447?
6
Suppose -3*u + 71531 = v, 207899 + 78212 = 4*v - u. What is the hundreds digit of v?
5
Let i = 150 - 145. Suppose 4*v + 3*r - 553 = 0, -r + 6*r - 695 = -i*v. What is the tens digit of v?
3
Suppose 13*h - 567 = 22*h. What is the tens digit of 4452/h*(25/(-4) + 1)?
7
What is the hundreds digit of (-9 - 23206)*(2 - (-52)/(-20))?
9
Let p(w) be the second derivative of -w**5/20 + 5*w**4/3 + 2*w**3 + 37*w**2/2 + 168*w. What is the units digit of p(16)?
3
Suppose 30*t - 96957 = 11*t. What is the units digit of t?
3
What is the hundreds digit of 263211/8 - (-621)/(-1656)?
9
Let g = 24489 + -15718. What is the units digit of g?
1
Let z(w) be the first derivative of 263*w**2/2 - 27*w + 35. What is the units digit of z(3)?
2
Suppose -2*n + 4*n = -2*r + 54, 0 = -r + 5*n + 9. Suppose 26*l - r*l = 0. Suppose l = -7*s + 661 - 227. What is the units digit of s?
2
Let d = 747 - 207. Suppose 4*g = 468 + d. Suppose -3*a = 24 - g. What is the units digit of a?
6
Let a(s) = -720*s**2 + 3*s - 9. Let v(d) = 720*d**2 - 3*d + 8. Let z(o) = 5*a(o) + 6*v(o). What is the tens digit of z(1)?
2
Let o(f) = -2*f**3 - 4*f**2 + 2*f - 2. Let t be o(-3). Let y(n) = n**3 - 2*n**2 + n. Let u be y(1). Suppose u = -8*l + t*l - 90. What is the units digit of l?
5
Suppose 0 = 5*b, 2*m = m - 2*b + 4. Suppose 14*n = 9*n - m*q + 7305, 5*q = 25. What is the units digit of n?
7
Suppose 0*r + 3*t = -2*r - 17, 5 = 5*t. Let o be (0 + 1)*(33 + r). Let q = o - -149. What is the units digit of q?
2
Let v = -11219 - -50133. What is the hundreds digit of v?
9
Suppose 111*u - 353736 = 719856. What is the thousands digit of u?
9
Let r(q) = -q**3 + 154*q**2 + 14*q - 1487. What is the hundreds digit of r(154)?
6
Suppose -13*b + 10*b + 9 = 0. Suppose 7*u = -b*u + 40. Suppose 0 = -2*g + u*v - v + 167, 5*v = -g + 103. What is the units digit of g?
8
Let l = -339 - -36. Let f = 327 + l. What is the tens digit of f?
2
Let v = -114 - 0. Let z = v - 14. Let h = z + 231. What is the hundreds digit of h?
1
Suppose 5961 = 3*i - 3*m, 5*i + 2*m - 9942 = -0*i. Suppose 3*g - g + 2*y = i, -5*g - 3*y = -4974. What is the units digit of g?
6
What is the tens digit of 7/(14/(-20)) - -7 - (-1 - 55349)?
4
Suppose -4*w - 12873 = -g, -3796 = -6*g - 5*w + 73587. What is the ten thousands digit of g?
1
Let p(f) = 21*f**3 - 4*f**2 - 61*f + 287. What is the thousands digit of p(6)?
4
Let j(w) = 439*w + 92. Suppose 25 = 26*a - 27. What is the hundreds digit of j(a)?
9
What is the ten thousands digit of (-2 - (3 + 0 - 31872))/(-31 - -32)?
3
Suppose 5*q = -6 + 1. Let d(l) = 100*l**2 - 4 + 56*l**2 - 115*l**2 + 5 - l. What is the tens digit of d(q)?
4
Let s = 1013 + -984. Let o = 3 - -1. Suppose 5*g = o*g + s. What is the units digit of g?
9
Let m(g) = 4*g**2 - 8*g + 28. Let z be 4/(-14) - 12/(-42) - -7. What is the hundreds digit of m(z)?
1
Let g(t) = 133*t**2 + 1. Suppose 47*d = 43*d + 44. Suppose 3*q + 2 + d = -4*l, -2*l = 8. What is the hundreds digit of g(q)?
1
Let n(o) = o**3 + o**2 + 4*o - 37. Let r be n(0). Let z = r + 41. Suppose -z*c = 7*c - 1507. What is the tens digit of c?
3
Let x(i) = -15*i + 187. Let l(g) = g**2 - 30*g + 12. Let h be l(28). What is the tens digit of x(h)?
4
Suppose -h = -7 + 4. Suppose -f = -h*f + 4. Suppose -f*w + 196 = -4*a, 5*w + 3*a - 2*a - 534 = 0. What is the tens digit of w?
0
Suppose 4*i - 15*v + 14*v = 225, 0 = i - v - 60. Suppose 0 = -58*x + i*x + 789. What is the hundreds digit of x?
2
Suppose -3*n - 15 = 0, -3*c + n + 20 = -0*n. Suppose 0*h = 2*h - o + 15, -c*h - 3*o - 54 = 0. What is the units digit of (-312)/h - (-10)/(-15)?
4
Suppose 2*r - 2*h + 33184 = 5*r, h = -5*r + 55309. What is the tens digit of r?
6
Let w be 1/((-4)/6)*-6. Let u be (4/12 - 12/w)/1. What is the hundreds digit of u/(7/6)*(-14 + -189)?
1
Suppose -40*s - 8 = -42*s. Let a(c) = 7*c**3 - 4*c**2 + 7*c - 49. What is the hundreds digit of a(s)?
3
Let l be (-1449)/(-4) + (-1)/4. Suppose -4*m = -3*h - 1493, -m = -5*h + 2*h - l. What is the tens digit of m?
7
Let l be (8430/12)/((-2)/(-4)). Let x = l - 697. What is the hundreds digit of x?
7
Let a = 14508 - 8239. What is the hundreds digit of a?
2
Let u(b) = 5463*b**2 + 55*b + 85. What is the hundreds digit of u(-2)?
8
Let h be 1/(-2)*2 - -5. Suppose 0 = 2*m - 4*z - 716, 0*m + h*z - 1024 = -3*m. What is the tens digit of m?
4
Let g(r) be the third derivative of -3*r**6/40 - r**5/30 - r**4/6 - r**3/6 - 9*r**2. Let k be g(-1). What is the tens digit of (12 - k)/((-2)/(-97))?
9
Suppose -21*u + 59*u = -456. Let h(o) = -5*o**2 - 17*o + 6. Let z(w) = 6*w**2 + 17*w - 6. Let k(c) = 5*h(c) + 4*z(c). What is the tens digit of k(u)?
6
Let f = 19689 + -13999. What is the thousands digit of f?
5
Suppose 30*r = 18*r. Suppose -38*z + 35*z + 1059 = r. What is the tens digit of z?
5
Suppose 25*h + u - 33708 = 22*h, -5*h + u = -56188. What is the tens digit of h?
3
Let f(o) be the first derivative of -16*o + 3/2*o**2 + 16. What is the units digit of f(12)?
0
Let j(w) = 76*w - 455. Let q be j(6). Let i(b) = 9*b**2 + 10*b**2 + 13*b**2. What is the units digit of i(q)?
2
Suppose 3*s - 116304 = 2*h, 27*s - 24*s = -3*h + 116349. What is the units digit of s?
4
Let a be 4/(-10) - (1710/(-25) + 5). Let l = -52 + a. Suppose 14*o - l*o - 162 = 0. What is the units digit of o?
4
Let y(w) = -200*w**2 - w - 4. Let n(d) = 199*d**2 - d + 5. Let h(b) = -2*n(b) - 3*y(b). What is the hundreds digit of h(-2)?
8
Let t = 19 + -34. Let i be (56/(-66) + 8/44)*t. Suppose 0 = -i*b + b + 1107. What is the tens digit of b?
2
Suppose 4*q + 4*q = 11*q. Suppose -20 = -4*x, -5*x - 1485 = -5*r - q*x. What is the hundreds digit of r?
3
Suppose 555417 = -14*c + 95*c. What is the hundreds digit of c?
8
Let m = 6301 - 1938. Suppose -3*j + 2938 = 4*q - 2885, 0 = 3*q - 2*j - m. What is the hundreds digit of q?
4
Let o = -811 - -752. Let f(j) = 27*j - 6. Let w be f(4). Let c = o + w. What is the units digit of c?
3
Let a = 89822 + -54199. What is the hundreds digit of a?
6
Suppose 2*p + 14 - 40 = -5*k, 65 = 5*p - 3*k. Let n = -17 + p. What is the units digit of -2*((-45)/1 + (-8)/n)?
6
Suppose 5*g + 2*l = 12, 0*l + 3 = 2*g - l. Let x be (-2 + 0 + -6)*g. What is the hundreds digit of (3*-9)/(4/x)?
1
Let v(y) be the second derivative of 5*y**4/8 - 11*y**3 - 43*y**2/2 - 7*y. Let x(b) be the first derivative of v(b). What is the units digit of x(15)?
9
Let w(g) = 247*g**3 + 2*g**2 - 1. Let a be w(1). Suppose -295 + 225 = -14*p. Suppose -4*x - p*v = -a, v + 83 = 4*x - 141. What is the units digit of x?
7
Let a = 41 - 41. Suppose a = 4*l + 3*b - 352, 0 = 3*l + 19*b - 15*b - 257. What is the tens digit of l?
9
Suppose 0*c + 186 = c + 2*v, 0 = 3*c - 5*v - 602. Let o = c - 88. What is the hundreds digit of o?
1
Let b(k) be the first derivative of -k**3/3 - 21*k**2/2 + 101*k + 192. What is the units digit of b(-16)?
1
Let w(r) be the second derivative of -3*r**5/20 - r**4/12 + 7*r**3/6 - 2*r**2 - r + 4. What is the units digit of w(-7)?
7
Let a be ((-63)/6 - 0)/(37/(-4588)). Let c = a - 386. What is the hundreds digit of c?
9
Let v(f) = f**2 + 10*f + 4. Let r be v(-6). Let p be (6/(-28) + 18/(-63))*0. What is the units digit of p/(2/(-1)) - r?
0
Suppose -3*v + v = -7*v. Suppose -2*c + 6*c - 253 = -d, v = -c + 1. What is the tens digit of d?
4
Suppose -35 = -32*k - 3. What is the units digit of (k/(-3))/((-3)/10026)?
4
Let c = -19825 - -30395. What is the units digit of c?
0
Let y(g) = 27*g**2 + 4*g + 11. Let n be y(-4). Suppose -2*f - 5*f + n = 0. What is the units digit of f?
1
Let s be (377770/(-148))/((-2)/12). Suppose 42006 + s = 33*y. What is the hundreds digit of y?
7
Let a be 5/10 + 177/2. Let s = a - 85. What is the tens digit of ((-2)/s)/((-571)/190 - -3)?
9
Let x = 7223 - 2415. What is the units digit of x?
8
Let o(z) = -z**3 + 14*z**2 - 13*z + 29. Let g be o(13). Let r = g + -37. What is the tens digit of 82/r*(-176)/11?
6
Let g = 115 + -78. Suppose -3*z = -m - 172, 8*z - 204 = 4*z - 5*m. Let s = z - g. What 